site number?
True
Is 719333 a prime number?
True
Is 315371 composite?
True
Is 150949 composite?
True
Is 25703 composite?
False
Is 44315 composite?
True
Is 82583 a composite number?
True
Is 39779 composite?
False
Is 105263 a prime number?
True
Is 775706 a composite number?
True
Is 3127979 prime?
True
Is 4834 composite?
True
Is 194861 prime?
True
Is 42505 composite?
True
Is 275627 a composite number?
True
Is 13669 a composite number?
False
Is 145697 composite?
True
Is 479 prime?
True
Is 8473 composite?
True
Is 323951 a composite number?
False
Is 1924445 a prime number?
False
Is 20779 a composite number?
True
Is 9131 composite?
True
Is 37321 a composite number?
False
Is 21377 a composite number?
False
Is 8443 prime?
True
Is 9235 composite?
True
Is 25822 a prime number?
False
Is 794 prime?
False
Is 187441 prime?
True
Is 5141 composite?
True
Is 1653035 a prime number?
False
Is 2879 composite?
False
Is 25841 a prime number?
True
Is 80071 composite?
False
Is 74159 a composite number?
False
Is 152335 a prime number?
False
Is 9533 a prime number?
True
Is 24935 composite?
True
Is 58657 a composite number?
False
Is 277157 composite?
False
Is 918305 a composite number?
True
Is 2867 composite?
True
Is 5459 composite?
True
Is 88311 composite?
True
Is 9967 composite?
False
Is 116713 composite?
True
Is 114505 a prime number?
False
Is 5509 prime?
False
Is 24331 composite?
True
Is 248649 prime?
False
Is 7273 prime?
False
Is 16087 a prime number?
True
Is 41703 composite?
True
Is 29977 a composite number?
True
Is 31793 composite?
False
Is 93739 a prime number?
True
Is 1177 a composite number?
True
Is 2328951 prime?
False
Is 30761 a prime number?
False
Is 13309 a prime number?
True
Is 61315 a prime number?
False
Is 37679 a composite number?
True
Is 10977 a prime number?
False
Is 3937 composite?
True
Is 49523 prime?
True
Is 1343471 prime?
False
Is 405473 prime?
True
Is 298511 prime?
False
Is 187823 a composite number?
False
Is 889 a composite number?
True
Is 31829 composite?
True
Is 1524253 a prime number?
True
Is 12139 a composite number?
True
Is 194907 composite?
True
Is 58603 prime?
True
Is 23459 prime?
True
Is 617821 composite?
True
Is 3749 a composite number?
True
Is 393037 composite?
True
Is 7051 a prime number?
False
Is 55007 a prime number?
False
Is 2059 composite?
True
Is 45161 a prime number?
True
Is 2149 a prime number?
False
Is 80677 prime?
True
Is 30389 a prime number?
True
Is 273323 a composite number?
False
Is 14101 prime?
False
Is 2879 a prime number?
True
Is 116953 prime?
True
Is 172069 prime?
True
Is 177091 a prime number?
True
Is 3623 a prime number?
True
Is 8009 composite?
False
Is 33107 composite?
False
Is 29459 a composite number?
True
Is 9197 prime?
False
Is 1293787 composite?
True
Is 113 prime?
True
Is 42847 a composite number?
True
Is 4915 composite?
True
Is 42821 prime?
True
Is 290471 prime?
True
Is 3889 composite?
False
Is 14143 prime?
True
Is 20477 composite?
False
Is 13307 a composite number?
True
Is 21001 a composite number?
False
Is 1673 composite?
True
Is 728599 a prime number?
False
Is 114481 a prime number?
False
Is 76173 a prime number?
False
Is 19813 a composite number?
False
Is 217 prime?
False
Is 111193 composite?
True
Is 11157 composite?
True
Is 4091 a composite number?
False
Is 28363 prime?
False
Is 15751 composite?
True
Is 2809 a composite number?
True
Is 182747 a prime number?
True
Is 221021 prime?
True
Is 4177 a composite number?
False
Is 8509 composite?
True
Is 825857 prime?
True
Is 190787 prime?
True
Is 42817 prime?
False
Is 359143 a composite number?
False
Is 14119 prime?
False
Is 12571 composite?
True
Is 66611 a composite number?
True
Is 10297 prime?
False
Is 1267 composite?
True
Is 51 a prime number?
False
Is 63377 a prime number?
True
Is 7817 a prime number?
True
Is 97673 prime?
True
Is 949889 a prime number?
True
Is 1181839 a composite number?
False
Is 26309 composite?
False
Is 32647 a composite number?
False
Is 3073 a composite number?
True
Is 321341 a composite number?
False
Is 58165 a composite number?
True
Is 1176509 a prime number?
True
Is 70111 a prime number?
True
Is 998 a composite number?
True
Is 1907207 a prime number?
False
Is 631135 a composite number?
True
Is 9122 composite?
True
Is 15641 a prime number?
True
Is 4553 a composite number?
True
Is 122237 a prime number?
False
Is 1415623 prime?
False
Is 28387 composite?
False
Is 326887 a composite number?
True
Is 921227 composite?
True
Is 8657 prime?
False
Is 42751 prime?
True
Is 1369813 a composite number?
False
Is 335877 composite?
True
Is 162815 a composite number?
True
Is 15053 prime?
True
Is 273599 prime?
False
Is 7493 a composite number?
True
Is 566929 composite?
True
Is 254 composite?
True
Is 56501 a composite number?
False
Is 15685 prime?
False
Is 6197 a prime number?
True
Is 669 a composite number?
True
Is 13913 prime?
True
Is 67951 a prime number?
False
Is 27533 a composite number?
True
Is 9311 a prime number?
True
Is 963563 a composite number?
True
Is 6749 prime?
False
Is 27785 a composite number?
True
Is 153479 a composite number?
True
Is 64661 a composite number?
False
Is 3494947 composite?
False
Is 29411 prime?
True
Is 4177 prime?
True
Is 6297 composite?
True
Is 110017 a prime number?
True
Is 4481 composite?
False
Is 875258 a composite number?
True
Is 2491 composite?
True
Is 5042 a prime number?
False
Is 1769 a composite number?
True
Is 733 composite?
False
Is 16877 prime?
False
Is 666959 a composite number?
False
Is 10841 a composite number?
True
Is 10977 prime?
False
Is 3511 a prime number?
True
Is 42551 a prime number?
False
Is 29893 composite?
True
Is 11603 a composite number?
True
Is 146273 a prime number?
True
Is 61291 a composite number?
False
Is 1017997 a prime number?
True
Is 181747 a composite number?
True
Is 119 a prime number?
False
Is 21859 composite?
False
Is 898117 a composite number?
True
Is 5327 a composite number?
True
Is 62243 a composite number?
True
Is 444697 a composite number?
True
Is 116953 a prime number?
True
Is 13963 prime?
True
Is 15937 composite?
False
Is 34097 a prime number?
False
Is 404911 prime?
False
Is 98661 a prime number?
False
Is 206749 a prime number?
True
Is 447 composite?
True
Is 597127 composite?
False
Is 2498 a composite number?
True
Is 423139 a composite number?
True
Is 12781 a composite number?
False
Is 9571 composite?
True
Is 4583 a composite number?
False
Is 673109 a prime number?
True
Is 5087 a prime number?
True
Is 326797 composite?
True
Is 524333 a composite number?
True
Is 20697 prime?
False
Is 27343 a prime number?
False
Is 17519 prime?
True
Is 3593 a prime number?
True
Is 72247 composite?
True
Is 2545 prime?
False
Is 254 a prime number?
False
Is 63949 composite?
False
Is 2579 a composite number?
False
Is 40099 a composite number?
False
Is 21211 prime?
True
Is 71339 a prime number?
True
Is 34171 composite?
False
Is 19181 a composite number?
False
Is 52971 prime?
False
Is 264967 a composite number?
True
Is 162989 a composite number?
False
Is 69583 a composite number?
True
Is 1685 prime?
False
Is 778433 a prime number?
False
Is 45651 a prime number?
False
Is 1123 a composite number?
False
Is 3613 a prime number?
True
Is 6731 a prime number?
False
Is 1361 a composite number?
False
Is 552413 a composite number?
True
Is 45533 a prime number?
True
Is 36109 prime?
True
Is 17377 composite?
False
Is 8923 a prime number?
True
Is 7633 prime?
False
Is 129329 prime?
False
Is 40969 a composite number?
True
Is 624011 a prime number?
False
Is 83047 prime?
True
Is 1949 composite?
False
Is 34795 prime?
False
Is 821 a prime number?
True
Is 219137 a prime number?
False
Is 6581 a composite number?
False
Is 57689 a composite number?
False
Is 397381 prime?
False
Is 587351 a composite number?
True
Is 39673 prime?
False
Is 41289 a composite number?
True
Is 3989 a composite number?
False
Is 827803 a composite number?
False
Is 25429 a composite number?
True
Is 937 a composite number?
False
Is 10453 prime?
True
Is 17183 composite?
False
Is 97607 a prime number?
True
Is 425389 a composite number?
True
Is 263567 prime?
True
Is 222137 composite?
False
Is 32493 a composite number?
True
Is 227041 prime?
False
Is 9533 prime?
True
Is 17349 composite?
True
Is 21587 composite?
False
Is 89223 composite?
True
Is 79293 a compo